 = 8*d. What is the remainder when -2 - (35*1)/(-1) is divided by d?
16
Suppose 0 = 5*m + 2*v - 474, 3*v = 2*m + 5*v - 186. Calculate the remainder when 1631 is divided by m.
95
Let g = -5 - -92. Let v = g + -21. Suppose -2*q = -2*n + v, n - 2*q - q = 35. Calculate the remainder when n is divided by 11.
10
Let s = -9 - -19. Suppose 0 = 4*p - 7 - 1. What is the remainder when 730/40 - p/8 is divided by s?
8
Let u(f) = -3*f + 45. Calculate the remainder when 175 is divided by u(10).
10
What is the remainder when 101 is divided by (2*9 - 1)/(10/20)?
33
What is the remainder when 481 is divided by (-14)/4*162/(-27)?
19
Suppose 4083 = -52*u + 21243. Calculate the remainder when u is divided by 68.
58
Let r(w) = 23 + w**2 - 3*w**2 - w**3 + 6*w - 5*w. Calculate the remainder when r(0) is divided by 6.
5
Let m = -15 - -13. Let t(x) = 2*x**2 + 3*x + 2. Let w be t(m). Suppose -126 = -3*j - w*j. What is the remainder when j is divided by 5?
3
Let o(f) = -26*f + 4. What is the remainder when o(-4) is divided by 2/8 - 1044/(-48)?
20
Let m = 24 - 19. Let i = -23 - -130. Calculate the remainder when i is divided by m/(-25) - (-181)/5.
35
Suppose 25 = -2*c + 37. What is the remainder when 44 is divided by (-3)/(1 + (-8)/c)?
8
Suppose 4*w - 706 = v, 6 = 4*v - 7*v. Let t = -42 + w. Calculate the remainder when t is divided by 35.
29
Let c(k) = -2*k**2 - 2*k. Let o be c(-2). Let z be 7 - (2 + 3 + o). Let x(r) = -r**2 + 7*r + 4. Calculate the remainder when x(z) is divided by 3.
1
Let y(o) = -6*o - 8. Suppose 4*c = -2*v - 30, -9 = -3*v + 4*c - 4. What is the remainder when 87 is divided by y(v)?
21
Let n(k) = -k**3 + 11*k**2 - 14*k - 11. Let f = 43 + -10. Calculate the remainder when f is divided by n(9).
8
Suppose 4*q - 2*h - 32 = 0, 0 = 22*q - 26*q + h + 34. What is the remainder when 15 is divided by q?
6
Suppose 4*x - 40 = -x. Suppose -x*v + 88 = -0*v. Calculate the remainder when v is divided by 4.
3
Let t(h) = 6*h**3 + 1. Let n be (2 - (3 + -1)) + 3. Suppose 3*f = -5*l + 13, 3*f + 5*l - 7 = n*l. What is the remainder when 18 is divided by t(f)?
4
Let l be (49 + 7)*(-30)/(-8). Suppose -l = -11*t + t. What is the remainder when 125 is divided by t?
20
Calculate the remainder when 22 is divided by (-1)/((-1)/(2 + 15)).
5
Suppose -9*q = 11*q - 5920. What is the remainder when q is divided by 11?
10
Suppose -3*f = 5*t - 38, 5*f - 2*t - 1 = 21. Calculate the remainder when (-337)/(-3) + f/9 is divided by 29.
26
Let b = 28 - -56. Suppose p - b - 128 = 0. Calculate the remainder when p is divided by 43.
40
Let k = 498 - 349. Calculate the remainder when k is divided by 51.
47
Let z = -26 + 21. Let j = z - -8. What is the remainder when 17 is divided by ((-30)/(-9))/(2/j)?
2
Let d = -4 + 9. Let v be -3 - (d - (-3)/(-1)). What is the remainder when v/(-3)*(24 - 9) is divided by 14?
11
Suppose 4*b = -c + 22, -9 - 14 = -4*c - 3*b. Suppose -3*z = -3, -c = 5*x - 6*x - z. Calculate the remainder when x is divided by 1.
0
Let a(w) = 3*w**3 - w. Let y = -25 + 35. Let v be (-4)/y*5*-1. What is the remainder when 85 is divided by a(v)?
19
Suppose -4*r - r - 2*m + 111 = 0, 2*r - 50 = 2*m. What is the remainder when r is divided by 16/(-14)*(-49)/14?
3
Suppose 19*y = -7*y - 2*y + 84. Suppose l + t = 10, t - 2 - 29 = -4*l. Calculate the remainder when l is divided by y.
1
Suppose 103*b - 360 = 91*b. Calculate the remainder when 1917 is divided by b.
27
Let u(l) = -l**2 - 9*l - 17. Let x be u(-10). Let q = x - -70. What is the remainder when q is divided by 5?
3
Let t = -26 - -85. Suppose -4*m - 274 + 54 = 0. Let o = -24 - m. What is the remainder when t is divided by o?
28
Let l(p) = -7*p**2 - 16*p + 15 - 11 + 6*p**2. What is the remainder when 7 is divided by l(-16)?
3
Let o(n) = n**2 + 8*n + 7. Let j be o(-7). Suppose j = 3*k + 5 - 68. Suppose -3*x + k = -9. Calculate the remainder when x is divided by 5.
0
What is the remainder when (-1 - 2)/(-3 + (-1360)/(-456)) is divided by 44?
39
Suppose 0 = 5*t + 13 + 2. Let g be t + (-1*4 - -1). What is the remainder when 17 is divided by ((-4)/g)/(2/27)?
8
Let q(h) = -2*h + 46. Calculate the remainder when 156 is divided by q(-18).
74
Calculate the remainder when ((-24*1)/(-2))/((-16)/(-88)) is divided by 39.
27
Let u = -4 + -20. Let p be ((-24)/(-14))/(u/(-84)). What is the remainder when 27*(1 + 2/p) is divided by 13?
10
Suppose 2*o - 5*h = -125, -3*o + 3*h - 13 = 197. Let m = o + 91. Calculate the remainder when 47 is divided by m.
15
Suppose -3*c - l + 31 = 3*l, 5*l = -4*c + 40. Suppose -c*i = -y + 47, -6*y - 4*i = -2*y - 212. Calculate the remainder when y is divided by 16.
4
Let z be (5/1 - 3)*-10 + 1. Let g = z + 22. Calculate the remainder when 3 is divided by g.
0
What is the remainder when ((-6)/(-4))/(8141/1624 + -5) is divided by 56?
4
Suppose 36*f - 1034 - 910 = 0. What is the remainder when f is divided by 3?
0
Suppose -828*z + 830*z - 60 = 0. What is the remainder when 78 is divided by z?
18
Suppose 0*x = -x - 46. Let f = -24 - x. Calculate the remainder when f is divided by 8.
6
Calculate the remainder when 782 is divided by (119/68)/(3 - (-95)/(-32)).
54
Suppose m - 36 = -10*h + 8*h, 64 = 3*m - 5*h. Calculate the remainder when ((6 - 3) + 1)/((-10)/(-205)) is divided by m.
26
Let t(n) = 2*n**2 + 3*n - 8. Let a be t(-4). Let h(s) = -s**3 + 4*s. What is the remainder when h(-3) is divided by (a/(-8))/((-1)/6)?
6
Suppose n - c - 47 = 0, 5*n + 48*c - 223 = 50*c. What is the remainder when 432 is divided by n?
2
Let a(y) = -y**3 - 6*y**2 - 6*y + 4. Let f = 34 + -31. What is the remainder when a(-5) is divided by f?
0
Let g = -3 - 3. Let u(r) = r**2 + 4*r - 9. Let f be u(g). Suppose -7*k + f*k = -28. Calculate the remainder when 11 is divided by k.
4
Let d(h) = -7*h**2 - h + 5. Let t be d(-4). Let o = t + 111. What is the remainder when 47 is divided by o?
7
What is the remainder when 5948/16 - 13/(-52) is divided by 20?
12
What is the remainder when 26/((40/230)/2) is divided by 25?
24
What is the remainder when (-2 + 138/15)/(3/250) is divided by 101?
95
Suppose -46*r = -50*r + 72. Calculate the remainder when r is divided by 7.
4
Let t = -15 - -36. Let b = 9 + t. Calculate the remainder when b is divided by 0 - -1 - (0 + -7).
6
Suppose 0 = -0*r + 3*r - 444. Suppose -4*x + r = -0*x. Suppose 93 = 2*a - d - 17, a + 4*d - x = 0. Calculate the remainder when a is divided by 14.
11
Let y be 21/2*2/(-6)*-2. Suppose y*d = 8 + 104. Let t(c) = 5*c**2 + c + 4. What is the remainder when t(-3) is divided by d?
14
Suppose 5*w + 3*s = 150, -s - 150 = -5*w + s. Calculate the remainder when 83 is divided by (-15)/w + 114/4 + 0.
27
Suppose 993 = 20*c - 947. What is the remainder when c is divided by 17?
12
Let j be -12*(0 - 28/8). Let r(l) = -l**3 - 6*l**2 + 5*l + 9. Let u be r(-7). Let z = j - u. What is the remainder when 55 is divided by z?
17
Suppose -a - 3*j = -0*j - 75, -a = -3*j - 45. What is the remainder when a is divided by 35?
25
Calculate the remainder when 69 is divided by 37 - (2 + -2)*-1.
32
Suppose 91*i - 101*i + 630 = 0. What is the remainder when i is divided by 13?
11
Let q(b) be the second derivative of b**3/2 - 2*b**2 - b. Let f be q(9). Let x = f + -6. Calculate the remainder when 66 is divided by x.
15
Let t(g) = g**2 + 12*g + 42. Let z be (-1 - 0)*1 - -20. Suppose -j = -z - 40. Calculate the remainder when j is divided by t(-9).
14
Let q(s) = 7*s**2 - 33*s + 143. Let z(k) = -11*k**2 + 49*k - 215. Let u(n) = -8*q(n) - 5*z(n). What is the remainder when 209 is divided by u(7)?
14
What is the remainder when 28 is divided by ((-6)/4 - -1)*(-240)/8?
13
Let j(q) = -4*q**3 + q**2 + q - 2. Suppose 0 = 5*m + 4*m - 153. Calculate the remainder when j(-2) is divided by m.
15
Calculate the remainder when 413 is divided by ((-6)/21)/(-1) - 7696/(-112).
68
Let m(v) = v**2 + 39*v + 224. What is the remainder when m(-35) is divided by 13?
6
Suppose 4*v - 6 - 14 = 0. Suppose 2*n = -2*d + v*n - 2, -6 = 3*n. What is the remainder when 22 is divided by 18*1/(-12)*d?
4
Suppose -2*a = 3*k - 34 - 49, a = k + 49. What is the remainder when a is divided by 32?
14
What is the remainder when 3*(-6)/18*-9 is divided by 4?
1
Let g = -159 + 106. Let s = g - -61. Suppose -36 = 3*x - 102. Calculate the remainder when x is divided by s.
6
Sup